er when b(3) is divided by 8?
7
Suppose 662*q + 272 = 664*q - 3*d, -2*d - 512 = -4*q. What is the remainder when 1334 is divided by q?
94
Let q be (56/16)/((-2)/4). Let v(p) = -18*p + 30. Let c be v(q). What is the remainder when 53 is divided by c/65*(-10)/(-3)?
5
Suppose 4*g = -3*c + 15825, 0 = -c + 2*g + 2397 + 2888. What is the remainder when c is divided by 66?
65
Let r = 812 + -750. Calculate the remainder when 1234 is divided by r.
56
Let x be (-24)/(-11)*165/30. Calculate the remainder when 1261/12 - x/144 is divided by 17.
3
Suppose -2*i + 0*i = -z + 170, 5*z + 4*i = 822. What is the remainder when z is divided by 161?
5
Let o be (4 - 10)/(3/(-14)). Suppose 3*h = 2*h + o. Let d = 1602 - 1493. Calculate the remainder when d is divided by h.
25
Let a be 3/((-15)/10) + 66. Let h = -18 + a. What is the remainder when h is divided by 12?
10
Suppose -5*d = -381 + 101. Suppose -86*p = -84*p + n - 64, -5*n - 145 = -5*p. Calculate the remainder when d is divided by p.
25
Suppose 4 = -p - 4*x, 0 = 5*p - 0*p - x - 43. Suppose 82 = -p*y + 18. What is the remainder when 31 is divided by -14*y/(-32)*24/(-7)?
7
Let r(o) = -o**3 + 15*o**2 - 3*o + 7. Let x be r(15). Let d = 2 + x. Let p = 56 + d. What is the remainder when 37 is divided by p?
17
Let m = -94 - -197. Let p = -167 - -202. What is the remainder when m is divided by p?
33
Let o be (7/28 - (-146)/8)*20. Suppose f = -4*r + 379, -f + o = 4*r - 3*f. Calculate the remainder when r is divided by 12.
10
Let j = 798 + -713. Calculate the remainder when 24307 is divided by j.
82
Let i(f) = -84*f**3 - 8*f**2 - 64*f + 26. What is the remainder when i(-5) is divided by 22?
20
What is the remainder when ((-934)/10)/(((-216)/60)/18) is divided by 150?
17
Suppose 2*o - 2*z = 146, 0 = -3*o - 3*z - 2*z + 259. What is the remainder when o is divided by 30?
18
Let x be 3/5 + -1 + 370/50. Let i be -7 + x + (1 - 1) + 3. Suppose -39 - 84 = -i*t. What is the remainder when t is divided by 17?
7
Let t(v) = v**3 - 24*v**2 + 37*v + 60. Let d(u) = u**3 - 24*u**2 + 35*u + 59. Let c(k) = -3*d(k) + 4*t(k). What is the remainder when c(22) is divided by 13?
2
Let x(d) = d**3 - 3*d**2 + 5*d - 4. Let z(f) = -5*f - 19. Let u be z(-5). Suppose 0 = u*l - 13*l + 21. Calculate the remainder when 65 is divided by x(l).
10
Suppose 4*u - 689 = 5*n + 1677, 2*u + 2*n - 1192 = 0. What is the remainder when u is divided by 199?
196
Let n(t) = -t**3 + 28*t**2 - 17*t - 253. What is the remainder when 815 is divided by n(27)?
16
Let n(w) = 146*w**3 + w**2 - w. Suppose -3*g + 4*g + 5*b = 3, 0 = 2*g + 5*b - 41. What is the remainder when n(1) is divided by g?
32
Suppose 4*p - 71 = 3*q, q - 4*q = 15. Let n be 40/16*12/10. Suppose n*g = -3*w + 30, g = -0*g - 5*w + 26. Calculate the remainder when p is divided by g.
2
What is the remainder when 32 is divided by (-134)/(-201) - (-62)/6?
10
What is the remainder when 2104 is divided by (-825)/(-10) - (5 + 5/(-10))?
76
Let b be (-2)/((-20)/(-6)) + 803/55. What is the remainder when 1 + (-2)/b + (-3762)/(-21) is divided by 13?
11
Suppose -66 + 234 = -3*w. Let y = 913 + -954. Let s = y - w. Calculate the remainder when 73 is divided by s.
13
Let c(y) = y**3 + 4*y**2 - 4*y - 1. Suppose 0 = 2*n + 4*s - 650 + 90, s - 1099 = -4*n. Let p = 279 - n. Calculate the remainder when c(-3) is divided by p.
0
Let i = 299 + -217. Let y = 36 - 34. What is the remainder when i is divided by 11 + -2*1*y/(-4)?
10
Let n = -67 - -99. Suppose -1290 = -n*u + 22*u. What is the remainder when u is divided by 33?
30
Let q(w) = 6*w + 4. Let z be q(-2). Suppose 2992*g = 2998*g - 120. What is the remainder when (-1254)/z + (-12)/16 is divided by g?
16
Suppose -7*u - 28 = -8*u. Suppose 24*l - 11 - 829 = 0. What is the remainder when l is divided by u?
7
Let o(m) = -m**2 - 14*m + 17. Let u be o(-15). Suppose -p = p - 22. Calculate the remainder when (u/10)/((-4)/(-860)) is divided by p.
10
Suppose 4*f + 18*f = 22. Let o(k) = 143*k**3 + 3*k - 4. What is the remainder when o(f) is divided by 36?
34
Let m = -381 + 490. Let s = -37 + 98. Let p = m - s. Calculate the remainder when 92 is divided by p.
44
Let h(g) = -2*g + 68. Let v = 181 - -13. Calculate the remainder when v is divided by h(0).
58
Calculate the remainder when (144/27)/16 + 944/12 is divided by 12.
7
Suppose 15 + 15 = o. Let u = 648 + 226. Let f = u + -605. What is the remainder when f is divided by o?
29
What is the remainder when 1607 is divided by 21/(1*11 + (71 - 79))?
4
Suppose a = -3*p - 12, a + a + 3*p = -12. Let w be 4 - (-4 - (124 + a)). Suppose -11*g = -5*g - w. What is the remainder when 43 is divided by g?
21
Let r = 7535 + -6618. Calculate the remainder when r is divided by 455.
7
Let i = -6921 - -7130. What is the remainder when 2715 is divided by i?
207
Let y = 166 + -149. Suppose -8*u = y*u - 1250. Calculate the remainder when 248 is divided by u.
48
Let m(x) = -13*x + 3. Let v be ((-96)/(-10))/(3/70). Suppose v = 8*r + 6*r. Calculate the remainder when m(-3) is divided by r.
10
Let z(h) = h**3 + 37*h**2 + 36*h + 3. Let r be z(-36). What is the remainder when 179 is divided by (r + (-11 - -2))*-5?
29
Suppose 3*r - 126 + 12 = 0. Suppose -790*q + 250*q - 237*q + 54390 = 0. Calculate the remainder when q is divided by r.
32
Let m(a) = 25*a**2 - 11*a - 16. Let f(d) = -12*d**2 + 5*d + 8. Let h(o) = -7*f(o) - 3*m(o). Calculate the remainder when h(5) is divided by 19.
17
Let b = 246 + -2. Suppose -15*o + b = -13*o. Let d = o + -73. What is the remainder when d is divided by 18?
13
Let n = 12991 - 12957. What is the remainder when 2867 is divided by n?
11
Suppose -o = -6 - 11. Suppose 381 + 152 = 13*p. Calculate the remainder when p is divided by o.
7
Suppose -11*t + 2*w = -7*t - 20, 4*t - 8 = -4*w. Calculate the remainder when 191 is divided by t*(-90)/(-12) - 6.
23
Suppose 4*c + 2*j - 19 - 25 = 0, 2*c + 5*j - 38 = 0. Let u(q) = 8*q**2 - q. Calculate the remainder when u(3) is divided by c.
6
Let q = 97 - 74. Suppose 3*y = -4*w + 3*w + q, 5*w - 16 = -4*y. What is the remainder when y is divided by 6?
3
Suppose -b + 23 = 3*f, 2*b + 15 = 7*b - 5*f. What is the remainder when (-44720)/(-301) - b/14 is divided by 50?
48
Let f = -2446 - -2597. Calculate the remainder when f is divided by 66.
19
Let s(x) = 5*x**2 - x + 1. Calculate the remainder when (-9574)/(-32) - (1044/(-576) + 2) is divided by s(4).
68
Let x = -1405 + 3917. Calculate the remainder when (-1)/(-7) + x/7 + 0 is divided by 28.
23
Suppose -197*c + 163*c = -96424. Calculate the remainder when c is divided by 257.
9
Suppose -46*l + 276769 = -108619. What is the remainder when l is divided by 20?
18
Suppose -3*h - l + 1833 = -0*l, 0 = -4*l. Let a = 619 - h. What is the remainder when 245 is divided by a?
5
Let p(j) = -j**2 - 13*j - 18. Let k be p(-13). Let s = k + 6. Calculate the remainder when (s/5)/((-12)/80) is divided by 6.
4
Let y(k) = k**3 - 54*k**2 + 82*k + 20. Calculate the remainder when y(53) is divided by 156.
153
Let v(k) = 36*k - 557. Let m be v(17). Suppose -5*l = -3*l + 3*i - 126, 3*l = -3*i + 186. Let d = l - m. Calculate the remainder when 57 is divided by d.
2
Let r(q) = -q**3 - 9*q**2 + 22*q + 5. Let a be r(-11). Suppose -a*s + 32 = 4*m, -6 = -4*s + 3*s - m. Calculate the remainder when 22 is divided by s.
6
Let x be 11/((6 + 2)/(-40)). What is the remainder when 101 is divided by (x/11)/((-30)/108)?
11
Suppose -16*z = -12*z + 4. Let d be (-6 + 125/20)/(z/(-12)). Suppose -d*h + 2*v + 243 = -0*v, -v = 5*h - 392. Calculate the remainder when h is divided by 27.
25
Suppose -v + 43 = 4*u - 2*v, 0 = 2*u + 5*v - 49. What is the remainder when (1 - (-1308)/42) + -1 + 8/(-56) is divided by u?
7
Let x(b) = b**3 + 21*b**2 + 237. Calculate the remainder when x(-21) is divided by (-88)/6*9/(-6).
17
Let c(u) be the first derivative of 7*u**3/3 - u**2/2 - 6*u + 22. What is the remainder when 357 is divided by c(-2)?
21
Let k(j) = 8*j + 303. What is the remainder when 425 is divided by k(-32)?
2
Let j be ((-225)/(-125))/((-3)/(-5)). Let u(b) = 5*b**2 - 8*b + 20. What is the remainder when 85 is divided by u(j)?
3
Let z = 244 - 133. Let p(k) = 8 - 4*k**3 + 11*k**2 + 125*k + 3*k**3 - z*k. What is the remainder when p(12) is divided by 12?
8
Suppose u + 7 = -11. Let y(o) = -o**2 - 26*o - 15.